 (3 - (-7 + 7))))?
-5
-24 + (-40 - (-80 + 19))
-3
What is the value of -10 + 16 + -5 + -12?
-11
What is the value of -29 + 42 - 35 - (-1 + -1)?
-20
Calculate -12 - -1 - (21 + -1 - (-224 - -239)).
-16
-4 - (3 - -3 - (6 + -2 - -4))
-2
What is 0 + (3 - 2) - (8 - (-9 + -1))?
-17
(11 - (15 - 22 - -26)) + 3
-5
What is the value of 27 - (9 + 17 + 9)?
-8
What is -7 + (0 - 15) - (15 - 11)?
-26
-23 - (-21 + -29 - -22)
5
Evaluate 2 + (-2 - (-7 - 11)).
18
What is -15 - (28 - 17) - -8?
-18
What is 62 - 68 - (-2 + -4)?
0
Calculate -48 + 49 - (1 - 4 - -1 - -1).
2
Calculate (-46 - -67) + 3 + 1.
25
-23 + (0 + -8 - (-16 - (-20 + 12)))
-23
What is the value of -6 + -9 + (-12 - -19)?
-8
What is (2 - 2) + 3 + (-16 - (-7 - 0))?
-6
Evaluate 28 - ((-15 - -57) + -12).
-2
-2 - 8 - -1 - -4
-5
What is 13 + (-8 + -2 - 2) - (4 + 1)?
-4
9 + (7 + -8 - 5) + 10 - 5
8
Calculate (100 - 102) + -13 + -3 + 45.
27
-1 + 20 + (33 - 53)
-1
What is 14 - -4 - (10 + -9) - 7?
10
-8 + (20 - -11 - 12)
11
What is the value of -1 - -7 - (21 - (0 - -17))?
2
What is the value of (9 - 5) + 14 - 8 - (0 + 0)?
10
Calculate -1 + -3 + -8 + (-10 - -36).
14
Evaluate -108 + 135 + -36 + -2.
-11
What is the value of -6 + (3 - 0) - -12 - (1 + 0)?
8
5 - (-36 + 40 - 13)
14
What is -6 + (6 - -14 - 9) - (7 + -8)?
6
What is the value of (-9 - -3) + -3 + 9?
0
Calculate 24 + 0 - 10 - 34.
-20
Evaluate (0 + 0 + 2 - (7 + 1)) + -7.
-13
Evaluate (-4 - -12) + (-4 - 0) + (-6 - -8).
6
-3 + (-33 + 31 - (-36 - 0 - -6))
25
Calculate 6 + (0 - 8 - -9) - 28.
-21
Evaluate 9 - ((-2 - 13) + 14).
10
What is (-6 - -11) + -6 + -4?
-5
Evaluate 0 + (-4 + 0 + (4 - -2) - -4).
6
Calculate -157 - -175 - (-3 - (-49 - 5)).
-33
What is the value of (-77 - -21) + 30 + (4 - 2) + 7?
-17
Evaluate (10 - 15) + 10 + (4 - (-4 + 2)).
11
What is 9 + 32 + 2 - 12 - 5?
26
Evaluate -148 + 148 + (2 - 1).
1
Evaluate -1 - (27 + -19 + (-5 - 1) - -5).
-8
Evaluate 21 - (3 - (1 - (11 - (18 + -10)))).
16
What is -212 - -213 - ((-1 - -3) + -6)?
5
What is the value of 3 - (-8 + 24 - -3)?
-16
What is (8 - (9 + (6 - 14))) + (1 - 9)?
-1
-3 + (3 - (1 + -6)) + (2 - -3)
10
What is -14 + -6 + 5 + 2 + 4?
-9
What is the value of (15 - 37) + (-2 - (4 + -11 - -4))?
-21
(-7 - (-1 - (7 + 1))) + (-6 - 11)
-15
Evaluate -14 - -7 - (-1 + -22 + 2).
14
What is the value of -2 + (6 - 11) - (-2 + (0 - -2))?
-7
0 + 1 - (-1 - ((-7 - 6) + 18))
7
Evaluate -37 - (13 + 5 - 42).
-13
4 + 1 + -7 + -11 + (16 - -3)
6
10 + (-5 + 7 + 6 - 5)
13
24 - (-31 - -56) - (-1 - -1)
-1
Calculate -8 + 1 - (45 + -34 - 1).
-17
-11 + 13 + (-7 - 0)
-5
Evaluate -8 - (2 + (-16 - 1) + 8).
-1
What is (-37 - -16) + 25 - (1 + -4)?
7
Calculate -5 + 38 + 42 + -85.
-10
(-17 - 1) + (-3 - ((-4 - 8) + 7))
-16
What is the value of 5 - ((-6 - -28) + -2) - 6 - -1?
-20
What is the value of (51 - 21) + -11 - (-1 + 3 - 0)?
17
20 + (-7 - (-12 + 6 + 1))
18
Calculate -25 - (-2 - (-16 + (-16 - -31))).
-24
(-11 + 22 - 4) + (2 - 18)
-9
What is -3 + (5 + -9 - 7)?
-14
Evaluate (25 + -12 - -21) + -21.
13
Evaluate -2 + 19 + -24 - 5.
-12
Evaluate 6 - (-2 + (-4 + 3 - 0) + 16).
-7
Calculate -53 + 52 + 1 + -1 + -2.
-3
Evaluate (8 - 18) + -8 - -19.
1
-39 - -24 - (0 - 32)
17
Calculate -1 + -5 - (-1 - (-1 + 3 - 2)).
-5
Calculate 0 + 0 - (-142 - -153).
-11
Calculate (3 - 35) + 6 - -15.
-11
What is (-6 - (7 + -11)) + (-4 + 4 - -17)?
15
-6 + 1 + (-4 + -2 - (-13 + 8))
-6
What is 19 + 1 - (566 - 560)?
14
What is -8 - (13 - 40) - 11?
8
What is the value of -58 + 43 + (43 - (9 - 2))?
21
Evaluate -4 + -2 - (23 - (16 + -3)).
-16
Evaluate -5 + -10 + -13 + -1 + 38.
9
What is (0 - -2) + (-3 - (30 + -8))?
-23
What is 11 - -2 - (14 - -3 - -14)?
-18
Evaluate (-5 - -11) + (6 - 16) - 0.
-4
Evaluate (-2 - 1) + (-18 - -29) + -6 + -25.
-23
Calculate -217 + 214 - (0 - (22 - -1)).
20
9 + 6 + -10 - 12 - -6
-1
(24 - (0 + 4)) + -18
2
-1 + -5 + (0 + 0 - 7) + 12
-1
What is (34 + 9 - 10 - -9) + -16?
26
What is 17 - (36 + -54 - -16)?
19
What is 22 - 36 - (6 + 0 - 15)?
-5
9 - -9 - (95 + -60)
-17
(1 - -3 - 6) + -14 + 9
-7
Evaluate (-3 - 17 - -17) + 8 + 1.
6
Calculate (-11 + 10 - -11) + -18 - (21 + 0).
-29
Calculate -13 - ((-3 - 4) + -1) - 6.
-11
What is 6 + (-8 - (-8 + -4)) - 30?
-20
Calculate 12 + 3 + 13 + -40.
-12
What is (-21 - -3) + (15 - (-6 + 5)) + -13?
-15
40 + (-4 - (2 - 18) - 23)
29
Evaluate 3 - -8 - (-3 + (1 - 5) + 4).
14
Evaluate 16 + (20 - 8 - 36).
-8
(1 - -3) + (36 - (36 - -11))
-7
Calculate 16 + (1 - 9 - -18).
26
Calculate 5 + (19 - 29 - -15).
10
Calculate 2 + (1 - (5 - 7)) - (-1 + -4).
10
What is the value of (24 - 12) + -15 - 6?
-9
What is -59 + 52 + 4 + -6 + 1 + -4?
-12
-19 - (-29 + 11) - 17
-18
What is the value of 3 - 10 - (11 + -20)?
2
What is the value of -13 - -1 - ((-43 - -14) + 23)?
-6
(-1 + -19 - -6 - -8) + 2
-4
Calculate 6 - 7 - ((1 - -2) + 2) - -8.
2
Evaluate 34 + -8 + -13 - -4.
17
What is 134 + -147 - (0 - 8)?
-5
Evaluate 1 + -12 + 2 + 20.
11
Evaluate -74 + 23 + 21 + -2 + (11 - -2).
-19
Calculate 40 + -68 + 0 + -4.
-32
Calculate 4 + -7 + 11 + -5 + 7.
10
Calculate 1 - (-2 - -25) - (-2 - (12 + -23)).
-31
Evaluate 686 + -715 - (0 - 22).
-7
What is (-17 - -21) + -10 + 4?
-2
What is the value of 9 + -5 - (6 - -2)?
-4
(7 - (2 - 17)) + -2 + -10 + 6
16
Evaluate 31 + -36 + (10 - 0).
5
16 + 4 + -21 + 22
21
What is the value of (-26 - (-2 + -3)) + 5 - 1 - 1?
-18
What is 199 + -197 - (-2 - 1 - -2)?
3
What is the value of (-17 - -5 - (-22 + 5 + -5)) + 7?
17
23 + -20 - (7 + -9)
5
What is the value of -27 + 9 + -20 - -6?
-32
What is the value of 0 - -17 - (-3 - -6 - 1 - -3)?
12
What is -32 + (5 - -6) - -4?
-17
5 - (-2 + (-10 - (-1 - 33)))
-17
-7 + (-2 - (6 - (4 - -7)) - 7)
-11
Calculate 0 - 1 - 10 - (-4 + 2 + 6).
-15
-12 + 8 + 5 + -6 + 1
-4
(-72 - -88) + (-2 - 4)
10
47 - (137 + -95) - (-27 + 1 - 1)
32
(3 - -18) + (-10 - -2)
13
What is 20 + 12 + -22 + 6?
16
Calculate (-2 - (-2 - -13)) + 0 + 6.
-7
What is -6 + -5 + 6 + 1 - 11 - 3?
-18
What is 1 - 8 - (13 + -10)?
-10
What is the value of -2 + -3 - (8 - 6)?
-7
-68 + 50 - (-3 + -2 + -3)
-10
Calculate 1 + -3 + 2 - (65 - 78).
13
Calculate (40 - 11 - 43) + 9 + 4.
-1
0 + 4 + (9 - (-2 + 5))
10
What is (-38 - (4 - 35)) + (-1 - (-7 - -1))?
-2
Calculate -680 + 662 - (-1 + -40).
23
Evaluate -10 + 1 + 6 - (0 + -2 - 8).
7
What is -17 + -1 + 33 - (-2 + -1 + 1)?
17
Evaluate -7 - (27 - (31 - 11)).
-14
What is (0 - -1) + (-244 - -253)?
10
What is 35 + -52 - (-15 + 5) - (0 + 5)?
-12
-74 + 54 - (-20 + -2)
2
What is the value of (-3 - -11) + 3 + -21?
-10
Calculate 0 + (-18 - ((6 - 14) + -6)).
-4
-19 + 14 + (0 - (-6 - -13))
-12
Evaluate -4 + (12 - 10 - (2 + -1 + 1)).
-4
What is the value of 20 + -6 - (0 - (-7 + (5 - -2)))?
14
(10 - 2) + (2 + 0 - 3)
7
Calculate -5 - (4 - (9 - 0) - -7).
-7
-22 + -24 + 22 - -40
16
(-9 - -13 - (-1 - -4) - -1) + -14
-12
Calculate -8 - (-34 + (-4 - -16)).
14
Calculate -84 + 69 - -27 - (46 - (1 + -3)).
-36
What is the value of -471 + 471 - (30 + 1 + 6 + -5)?
-32
(-14 - (-90 - -11)) + -36
29
-57 + 60 + 2 + -2 + -11
-8
Calculate 0 + 5 + -10 - (-1 + (15 - 6)).
-13
What is 326 + -336 - (1 + 2 - -16)?
-29
Evaluate 6 + 1 + (-19 - ((2 - 4) + 7)).
-17
2 - 10 - (-2 - 16 - -3)
7
What is 9 + -13 - (-11 + 5)?
2
What is the value of -27 + (-5 - (3 - -9)) - -13?
-31
(-489 - -412) + -2 + 43
-36
Calculate -13 + 10 + (2 + 6 + -10 - -20).
15
-56 + 28 - -1 - (-2 - 0)
-25
What is 8 + 37 + (-12 - 0) + -6?
27
What is the value of 1 + 3 - 8 - (111 + -93)?
-22
Calculate 11 - (2 - 22 - -15).
16
What is the value of -2 - (1 + -16 + 12) - (4 + -2)?
-1
Evaluate -10 - -4 - -4 - 0 - 12.
-14
What is (3 - 12 - -11) + 10 + -1?
11
Calculate 1 + -3 - 3 - (-4 + (3 - 5)).
1
Evaluate 1 - (-8 + (0 + 8 - 6)).
7
What is the value of (-14 - -13) + 16 + (-8 - -4 - -2)?
13
What is 4 + -16 + 8 + 13?
9
Evaluate (-9 - (-8 + 2 + -4)) + -17.
-16
1 + 4 + (19 - 25) + -4 + 20
15
What is 3 - (-9 + 8 - -2) - -1?
3
14 - -6 - 16 - (8 - 2)
-2
Calculate -24 - (17 - -2 - (9 + 18 + -16)).
-32
1 + 1 - (25 + -20) - (-5 - -2)
0
What is 4 + -3 + -12 + 5 - 2?
-8
What is the value of (-8 - (-20 + 6)) + 13 + 3?
22
What is 13 + -1 + -2 + -28 + 3?
-15
(-14 - 12) + 10 - -22
6
What is the value of (0 - (-11 - -3) - 4) + 3?
7
What is 2 + (-30 + 11 - -15)?
-2
Evaluate 940 + -935 - (21 + (-2 + 1 - 1)).
-14
Evaluate (14 + 13 + -10 - 14) + -10.
-7
(6 - 0) + -22 + -9 + 16
-9
What is t